remainder when d is divided by c.
12
Let p(k) = -k**3 + 43*k**2 - 39*k - 80. What is the remainder when p(42) is divided by 35?
11
Suppose 5*h - 27 = -d, -4 = -4*d - 3*h + 19. Suppose 6 = d*c + c. What is the remainder when c is divided by 1?
0
Suppose -212*h + 208*h + 84 = 0. Calculate the remainder when 29 is divided by h.
8
Suppose 3*v - 2*v = -k - 106, -2*v - 4*k - 222 = 0. Let d = -54 - v. Let j = -27 + d. What is the remainder when j is divided by 11?
9
Let c(b) = -77*b**2 - 3*b - 1. Let p be c(-2). Let o = 435 + p. Suppose 2*l = 2*u - o, 0 = 2*l + 3*l. Calculate the remainder when u is divided by 17.
15
Suppose 32*u = 150 + 234. Calculate the remainder when 1305 is divided by u.
9
Let q(f) = f**3 + 6*f**2 + 23*f + 143. Calculate the remainder when 19 is divided by q(-6).
4
Suppose -5*a - 5*k = -45, 4*a - 3*a + 5*k = 13. Let y(d) be the second derivative of d**3/6 + 5*d**2 + 5*d. Calculate the remainder when a is divided by y(-4).
2
Let k(g) = 4*g**3 + 10*g - 19. Let j be k(3). Suppose -j = -5*m - 74. Calculate the remainder when 1/(-2)*-46 + 1 is divided by m.
6
Let d(c) = 3*c**3 - 3*c**2 - 2*c + 5*c + 5 - 7*c. What is the remainder when d(3) is divided by 10?
7
Let i(z) = z**3 - 4*z**2 - 15*z - 8. Suppose -3*c + 1 = -o + 22, -4*o + c + 51 = 0. What is the remainder when i(7) is divided by o?
10
Let o = -182 + 521. Calculate the remainder when o is divided by 115.
109
Let d(f) = -f + 5. Suppose 0 = c + 2*c. What is the remainder when c*(-2)/(-6) - -49 is divided by d(-12)?
15
Let n(y) = y**3 + 11*y**2 - 11*y + 12. Let u be n(-12). Calculate the remainder when 58 + (u - 0 - 4/(-1)) is divided by 25.
12
Let m(w) = -6*w - 17. Let x = -4 + 10. Let q(j) = j - 1. Calculate the remainder when m(-6) is divided by q(x).
4
Let x = -10 + 15. Suppose 3*j = -2*y + 21, 3*y = 4*j + 8*y - 28. Calculate the remainder when j is divided by x.
2
Let a = -6 + 12. Let w be (20 - 4)/4 + -2. Suppose -w*j + 45 = j. What is the remainder when j is divided by a?
3
What is the remainder when 58 is divided by 4/(-70) + 10540/700?
13
Let q(w) = -5*w**3 - 6*w**2 - 7*w - 5. Let l(t) = 3*t**2 + 29*t - 13. Let h be l(-10). Calculate the remainder when q(h) is divided by 34.
29
Let x be 15/4 + 3/12. Let s(v) = v**3 - v**2 + v + 2. Let r be s(0). Let j = x + r. Calculate the remainder when 11 is divided by j.
5
Let a(g) be the third derivative of g**4/8 + 7*g**3/3 + 4*g**2 - 2. What is the remainder when 143 is divided by a(5)?
27
Suppose 29 = 5*n - 5*r - 51, 0 = -5*r + 15. What is the remainder when 720 is divided by n?
17
Let d(n) = -n + 19. Let o be d(13). Suppose 0 = -o*u + 2*u + 12. What is the remainder when u is divided by 1?
0
Suppose -x = 3*x - 44. Calculate the remainder when 58 + -9 + 4 + 1 is divided by x.
10
Let w(q) = q + 6. Let r be w(-8). Let f = -123 + 149. Calculate the remainder when f is divided by r/3 + (-176)/(-12).
12
Suppose -20*o = 13 - 31 - 162. Let b = 39 - 16. Calculate the remainder when b is divided by o.
5
Suppose f - 2*f = -25. Let b(r) = 2*r**2 - 68*r + 630. Calculate the remainder when b(11) is divided by f.
24
Suppose 3*u - 5*d - 1225 = 0, 4 = 2*d + 8. What is the remainder when u is divided by 22?
9
Let j = 1980 - 1912. What is the remainder when j is divided by 50?
18
Let s(w) = 2*w**2 + w**2 - 3*w**2 - 2*w + 8 + 2*w**2. What is the remainder when s(5) is divided by 14 + 2 - (-6)/(-2)?
9
Suppose 0 = 22*z - 3*z - 38. What is the remainder when (-6)/(-1) + 4/2 is divided by z?
0
Let w(g) = g - g**3 + 0*g**3 + 4 + 1 - 2. Let x be w(0). What is the remainder when ((-90)/40)/(x/(-8)) is divided by 3?
0
Let v(x) = x**2 - 3*x - 28. Let i be v(7). Let g(y) = y**2 + y. Let p be g(-2). Suppose i = p*l - l - 45. What is the remainder when l is divided by 16?
13
Calculate the remainder when 168 is divided by ((-79)/2)/((-18)/36).
10
Suppose -3*p + 9 = -2*v, 5*p - 34 = -3*v - 0*p. Suppose -w + 45 = -v*c - 25, 308 = 5*w - c. What is the remainder when w is divided by 8?
5
Let a be 6 + -3 + -2 - -6. Suppose -12*l + a*l = -135. Calculate the remainder when l is divided by 122/18 + 20/90.
6
Let w(p) = 4*p + 4. Let g(s) = 3*s**3 - s**2 - s + 1. Let y be g(1). What is the remainder when 44 is divided by w(y)?
8
Let n be 12/(-54) + 141/27. Suppose -3*w + z + 3*z = 110, -3*w = n*z + 65. What is the remainder when w/(-105) + (-486)/(-14) is divided by 18?
17
Suppose -b + 3*i = -9, -7 = -3*b + 3*i - 4*i. Suppose h = -b*h + 36. Calculate the remainder when (9 - (-81)/54)/(6/20) is divided by h.
8
Let d = 9 - 16. Let g be 6/(-21) - (-7747)/d. Calculate the remainder when 74 is divided by 2/5 + g/(-45).
24
Let b = 320 - -110. What is the remainder when b is divided by 48?
46
Let h be (-1 - -2)*(-5 - -5). Suppose h = -0*i - 2*i + 44. What is the remainder when (-18)/((-1)/(-14)*-4) is divided by i?
19
Suppose -5*x - h + 323 = -260, 0 = 3*x - 3*h - 357. Let y = 217 - x. Calculate the remainder when y is divided by 26.
22
Let r(d) = -2*d**3 + d**2 - 1. Let b be r(1). What is the remainder when (1/(-2))/(7/(-1078)) is divided by (-174)/(-9) - b/3?
17
Let u = -1473 - -1522. What is the remainder when u is divided by 15?
4
Suppose 16 = -5*w + 61. Suppose 192 = 3*n + 9*n. What is the remainder when n is divided by w?
7
Let b = -37 - -26. Let x be 33/5 - 2/(-5). Let t = x - b. What is the remainder when 51 is divided by t?
15
Let w(l) = l**2 - 22*l + 121. Calculate the remainder when w(25) is divided by 20.
16
Let g = 435 - 199. What is the remainder when g is divided by 28?
12
Let s(z) = 25*z - 116. Calculate the remainder when s(5) is divided by 2.
1
Suppose 3*d = -d + 8. Suppose 213 = 5*t - d*m, -3*t + 5*m + 152 = 9. Suppose -5*i = -366 + t. Calculate the remainder when i is divided by 17.
14
Suppose 9 = -r - 3*m, 4*r - 26 + 2 = 3*m. Suppose -r*g - 2*g + z + 9 = 0, z = 4*g - 7. Let h = g - -8. What is the remainder when 16 is divided by h?
6
What is the remainder when (0 - (-8)/20) + (-1236)/(-10) is divided by 64?
60
What is the remainder when (-15)/35 + ((-25784)/(-56) - 8) is divided by 76?
72
Suppose -s - v - 20 = 0, 6*v = -4*s + 4*v - 70. What is the remainder when 57 is divided by (s/30)/((2/48)/(-1))?
9
Suppose 3*w = -w + 36. Let v(s) = -35*s - 5. Let x be v(-2). Let a = x + -22. Calculate the remainder when a is divided by w.
7
Suppose -2*u + 6*u = 36. Suppose 3*i - 473 = -5*n, -6*n + n = -2*i + 282. What is the remainder when i is divided by u?
7
Let v = -454 - -469. What is the remainder when 160 is divided by v?
10
Let t(g) = -5 + g + 5*g + 1 + 0*g. What is the remainder when t(7) is divided by 13?
12
Suppose 0 = -2*d + 6, 2*p = -2*p + 5*d + 145. What is the remainder when 62 is divided by p?
22
Suppose -2*u - 2*y + 3*y = -37, 0 = -4*u - 4*y + 104. What is the remainder when 1/((-9)/(-27))*13 is divided by u?
18
Suppose 2*z = 6*z + 184. Suppose 0*f - 3 = -f, 0 = 2*l - 4*f - 140. Let q = l + z. Calculate the remainder when q is divided by 8.
6
Let g(i) = -260*i + 3. Suppose 5*n - 10 = 5. Let w be g(n). What is the remainder when (w/14)/(6/(-8)) is divided by 25?
24
Suppose 151 = h + u, -3*h + h + 5*u = -316. What is the remainder when h is divided by 48?
9
Suppose -5*f = -2*g + 7*g - 75, -3*f + 3 = 0. Calculate the remainder when 249 is divided by g.
11
Let l = 455 - 313. What is the remainder when l is divided by 22?
10
Suppose 0 = -4*t - 5*w + 57 + 190, -3*t + w = -171. Calculate the remainder when t is divided by 23.
12
Let c(k) = -4*k - 3. Let i be c(3). Suppose -2*w + 14 = -9*w. What is the remainder when 377/15 - w/i is divided by 9?
7
Let c be 6/(-3) + 4*1. Suppose -103 = -5*f + 4*b, f + c*b = 19 - 4. What is the remainder when (-5)/(-2) - (9095/(-10))/17 is divided by f?
18
What is the remainder when ((-14)/(-3))/(24/180) is divided by 13?
9
Suppose 80 = -g - 4*g. Let o = 35 - -12. What is the remainder when o is divided by (g/(-1) - 3) + -1?
11
Let j = 525 + -512. Let y = 233 - 131. Calculate the remainder when y is divided by j.
11
Let u = 25 - 4. Suppose 4*i + 13 - 161 = 0. Suppose 3*s - 144 = 2*k + i, 304 = 5*s - k. What is the remainder when s is divided by u?
19
Let k = -502 - -547. What is the remainder when k is divided by 17?
11
Suppose -11*x = -7*x + 3*p - 260, -4*p = 4*x - 260. What is the remainder when x is divided by 17?
14
Let b